Suppose x = 5*b - 164 - 218, -243 = -3*b - 4*x. What is the highest common factor of c and b?
7
Suppose -4*m = 4*g + m - 8, 5*g - 2*m = 43. Let n be (4 - g)*(-40)/6. Calculate the greatest common factor of n and 160.
20
Let m be 13 + 136/(-64) + (-2)/(-16). Calculate the greatest common factor of 11 and m.
11
Let j(x) = -x**3 + 7*x**2 - 5*x. Let o be j(6). Let n be -3 + 4/2 + o. Calculate the highest common divisor of n and 35.
5
Let g = 73 + -57. What is the highest common factor of g and 8?
8
Let j be 6*(0 - 1/(-2)). Let f = 302 - 106. Suppose 0 = -c - j*c + f. What is the highest common factor of c and 7?
7
Let a = -244 + 140. Let u = a + 62. Let s = u + 82. Calculate the greatest common factor of 5 and s.
5
Let x = -5 + 5. Let h be (6/4 - x)*12. What is the greatest common divisor of h and 198?
18
Suppose -5*k = 4*l - 47, 0*k + 2 = -l - 4*k. Calculate the highest common divisor of l and 162.
18
Let t(n) = -n**3 + 6*n**2 + n - 2. Let p be t(6). Calculate the highest common factor of p and 36.
4
Let d = -104 + 234. Let y(a) = -a**3 - 18*a**2 + 39*a + 32. Let z be y(-20). What is the highest common divisor of z and d?
26
Let m(f) = -7*f - 7. Let i be m(-5). Let b be (-66)/(-14) + 8/i. Let s(k) = -k**3 - k**2 + 2. Let y be s(-3). Calculate the greatest common divisor of y and b.
5
Let m be 0/(-1) + 12 + -1. Let h(a) = -a**3 + 5*a**2 - 5. Let n be h(4). What is the greatest common factor of m and n?
11
Let z(s) = -5*s - 8. Let t be 42/(-6)*(-6)/(-7). Let j be z(t). Calculate the greatest common divisor of 2 and j.
2
Suppose -2*t = -0*t - 22. What is the highest common divisor of 1 and t?
1
Suppose 101 = o - 3*d, 3*o - 3*d = 109 + 206. Let l = -57 + o. Let f(x) = -2*x + 32. Let j be f(6). Calculate the highest common divisor of l and j.
10
Let o be 922/10 + (-2)/10. Suppose 0 = s + 3*s - o. What is the greatest common divisor of 207 and s?
23
Let q be 1/(-2) + (-18)/(-4). Suppose s = q*s - 54. Let g = -46 - -91. Calculate the greatest common factor of s and g.
9
Suppose -d - 2*d + 336 = 0. Suppose 0 = -5*s + 2*r + 23 + 43, 2*s - 18 = 5*r. What is the greatest common factor of d and s?
14
Let u = -7 + 2. Let z = -9 - u. Let f be z/(-18) + 286/9. What is the highest common factor of 48 and f?
16
Suppose 3*i - 4*n + 1 - 10 = 0, 5*n = 5*i - 15. Suppose 0 = -8*s + i*s + 15. What is the highest common divisor of 24 and s?
3
Suppose 2*p - 6 = 2. Suppose -92 = -4*y - 0*y + 4*j, 2*y - j = 51. Suppose -5*u = -2*n + 23, 5*n - p*u = y + 4. What is the greatest common divisor of n and 36?
4
Suppose -3*m + 8*m = 15. Let u be 2/(-6) + 109/m. Calculate the greatest common factor of 90 and u.
18
Suppose -2*p + 10 = 3*p. Suppose 4*w + 16 = 0, p*i - i - 1 = -4*w. Let o = i - 12. Calculate the greatest common divisor of o and 10.
5
Let y be (-1 + -1)*-1 + -15. Let k = -47 + 76. Let z = k + y. What is the highest common divisor of 80 and z?
16
Suppose 0 = -5*w - 167 + 677. Calculate the greatest common divisor of w and 17.
17
Suppose 4*p + 46 = 162. Let h = p - 5. What is the greatest common divisor of h and 6?
6
Suppose 0 = 5*p + 3*g - 111, p - 26 = -g - 5. What is the greatest common divisor of p and 12?
12
Let k be (10/8)/((-2)/(-16)). Let c be 346/14 - (1 + (-45)/35). Calculate the highest common divisor of c and k.
5
Let y be -6*(-2)/(-4)*-1. Suppose -6 = -y*r + 36. Calculate the greatest common factor of 21 and r.
7
Let m be -26*((-55)/10 - -2). Calculate the greatest common divisor of 13 and m.
13
Let p(n) = -n**3 + 6*n**2 + n - 6. Let t be p(6). Let g = 3 - t. What is the highest common divisor of 6 and g?
3
Suppose w - 1 = 3. What is the greatest common factor of w and 8?
4
Let s be 6/(-8) - (-75)/20. Calculate the greatest common factor of 24 and s.
3
Let a be (-3)/(-6) - 501/(-6). Suppose -2*o - 24 = -4*o. Calculate the highest common factor of o and a.
12
Let t = -28 - -41. Suppose 2*u - 4 + 2 = 0. Let p be 91 + (u - (1 - 0)). What is the greatest common factor of p and t?
13
Let m(p) = 5*p**2 + 4*p - 5. Let w be -8 + (2 - -3 - 2). Let v be m(w). What is the greatest common divisor of v and 40?
20
Let r be (15/6)/(1/2). Suppose r*v - 28 + 8 = 0. Suppose -v*u + 5*u = 14. What is the greatest common divisor of u and 2?
2
Let c be (2 - 3)*(-2 - 31). Let o be (-2)/((-2)/(-44)*-2). What is the greatest common factor of o and c?
11
Let d be ((-15)/(-12))/((-2)/(-32)). Calculate the greatest common factor of 30 and d.
10
Let u(y) = y**3 - 3*y**2 - 3*y - 5. Let w be u(4). Let p = w + 11. What is the highest common factor of p and 80?
10
Suppose 5*q - 2*q = 4*g - 36, -5*g + 45 = 3*q. What is the highest common divisor of g and 9?
9
Let q(o) = -2*o**3 - 2*o**2 - o + 6. Let n be q(-3). What is the highest common divisor of n and 5?
5
Let n be (-1)/2 - 180/(-8). Let c be -1 + n*9/3. Suppose c = 5*l - 5*k, 4*l + k - 9 = 3*l. What is the highest common divisor of l and 44?
11
Let t = 15 + -9. What is the greatest common factor of 24 and t?
6
Suppose 0 = 5*q + 7 + 23. Let w be q/(-15) + (-696)/(-10). Calculate the greatest common factor of 10 and w.
10
Suppose -5*s + 0*l + 20 = -3*l, 5*l + 27 = 2*s. Let z be (s + 0)/((-1)/17). Let b = z + 28. Calculate the highest common divisor of 11 and b.
11
Suppose -f + 54 = 2*d, 2*f + d - 93 = 2*d. Suppose 2*h = -2*h + f. Let g(c) = -2*c - 3. Let x be g(-3). Calculate the greatest common divisor of x and h.
3
Let z be (14/4)/(4/8). What is the highest common factor of 1 and z?
1
Suppose -4*v = 4*s, 5*s = -v - 0*v - 16. What is the greatest common divisor of 2 and v?
2
Let f = 193 + -448. Let r = 439 + f. Calculate the greatest common divisor of r and 23.
23
Let t(w) = w**3 - 6*w**2 - 3*w + 9. Let l be t(7). What is the highest common divisor of l and 333?
37
Suppose -4*h - 286 = -2*c, 291 = 2*c - 6*h + h. Calculate the highest common factor of 19 and c.
19
Suppose -5*p = -3*u - 10, -4 = -4*u + 2*p + 6. Let a(b) = -b**2 + b + 13. Let z be a(-3). What is the greatest common divisor of z and u?
1
Let x(c) = 7*c - 1. Let s be x(1). What is the highest common factor of 9 and s?
3
Let c be (-2)/(-4) + 4/(-8). Let v = -3 - c. Let q be ((-66)/(-1))/(v/(-4)). What is the highest common divisor of 8 and q?
8
Let z = -10 - -28. Calculate the greatest common factor of z and 48.
6
Let f = 92 + -81. Calculate the highest common factor of 44 and f.
11
Let b = 19 - -25. What is the highest common factor of 22 and b?
22
Let g(i) = -4*i + 7. Let n be g(-10). Let a = n + -34. What is the highest common factor of 13 and a?
13
Let q = 125 + -118. Calculate the highest common divisor of q and 35.
7
Suppose -b - 14 - 5 = -a, 0 = -3*a - 2*b + 72. Let k(t) = -t**2 + 21*t - 5. Let v be k(19). What is the greatest common divisor of v and a?
11
Suppose -3*z - 2*z = -a - 1, -3*a + 27 = -5*z. What is the highest common factor of a and 7?
7
Let m(b) = -17*b - 2. Let v be m(-2). Suppose 4*n = -4*s + 68, -37 + 5 = -s - 4*n. Let o be (40/2)/(3/s). What is the highest common factor of o and v?
16
Let k = 544 - 456. Let h(b) = 22*b. Let w be h(1). Calculate the greatest common factor of k and w.
22
Suppose -3*b - 2*b - 4*d + 372 = 0, -132 = -2*b + 4*d. Calculate the greatest common divisor of b and 12.
12
Suppose 0 = 3*p + a + 2*a - 12, -2*a + 1 = -5*p. Let w be (-2 + 0)/(p/(-10)). Let t be 845/w - 1/4. What is the greatest common divisor of 6 and t?
6
Let d = -57 + 99. Suppose -4*j = 1 - 25. Calculate the highest common divisor of d and j.
6
Let b(f) = 126*f**2 - 3*f + 2. Let s be b(1). What is the greatest common factor of s and 50?
25
Suppose 3*k - 4*k = 6. Let m be 54 - (-4)/k*-3. What is the greatest common factor of m and 7?
7
Let s = 14 - 12. Suppose 0 = g + s, 2*b + 3*g + g - 72 = 0. Calculate the highest common divisor of b and 10.
10
Let g(k) = k + 23. Let s be g(-11). Calculate the highest common factor of 30 and s.
6
Let u = 51 - 41. What is the highest common divisor of u and 6?
2
Let v(h) = 2*h**2 - 2*h + 9. Let n be v(-7). Let u be ((-2)/3)/((-12)/198). What is the greatest common factor of n and u?
11
Let i(w) = -w**2 - 8*w + 3. Let a be i(-6). Let p be (12/(-30))/((-3)/a). What is the greatest common divisor of 1 and p?
1
Let f = -41 - -86. Calculate the highest common divisor of f and 30.
15
Suppose 0 = 4*l - 9*l + 600. Suppose 0 = -5*k + 3*k 